{"id":3,"date":"2025-08-21T18:46:03","date_gmt":"2025-08-21T16:46:03","guid":{"rendered":"https:\/\/planess.org\/?page_id=3"},"modified":"2025-09-19T12:56:30","modified_gmt":"2025-09-19T10:56:30","slug":"politica-privacidad","status":"publish","type":"page","link":"https:\/\/planess.org\/ca\/politica-privacidad\/","title":{"rendered":"Pol\u00edtica de privacidad"},"content":{"rendered":"\n<h2 class=\"wp-block-heading\">No permetem l&#8217;\u00fas de Matomo per a mesurar el tr\u00e0fic<\/h2>\n\n\n\n<p>Utilitzem <a href=\"https:\/\/matomo.org\" data-type=\"link\" data-id=\"https:\/\/matomo.org\">Matomo<\/a> per fer una an\u00e0lisi del tr\u00e0fic de la manera m\u00e9s \u00e8tica possible, aix\u00ed i tot \u00e9s possible desactivar-ho en la seg\u00fcent casella.<\/p>\n\n\n\n<p id=\"matomo_opted_out_intro\" style=\"display:none;\">Opt-out complete; your visits to this website will not be recorded by the Web Analytics tool. Note that if you clear your cookies, delete the opt-out cookie, or if you change computers or Web browsers, you will need to perform the opt-out procedure again.<\/p><p id=\"matomo_opted_in_intro\" >You may choose to prevent this website from aggregating and analyzing the actions you take here. Doing so will protect your privacy, but will also prevent the owner from learning from your actions and creating a better experience for you and other users.<\/p><form>\n        <input type=\"checkbox\" id=\"matomo_optout_checkbox\" checked=\"checked\"\/>\n        <label for=\"matomo_optout_checkbox\"><strong>\n        <span id=\"matomo_opted_in_label\" >You are not opted out. Uncheck this box to opt-out.<\/span>\n\t\t<span id=\"matomo_opted_out_label\" style=\"display:none;\">You are currently opted out. Check this box to opt-in.<\/span>\n        <\/strong><\/label><\/form><noscript><p><strong style=\"color: #ff0000;\">This opt out feature requires JavaScript.<\/strong><\/p><\/noscript><p id=\"matomo_outout_err_cookies\" style=\"display: none;\"><strong>The tracking opt-out feature requires cookies to be enabled.<\/strong><\/p>\n\n\n\n<hr class=\"wp-block-separator has-text-color has-contrast-3-color has-alpha-channel-opacity has-contrast-3-background-color has-background is-style-wide\"\/>\n\n\n\n<h2 class=\"wp-block-heading\">Qui som<\/h2>\n\n\n\n<p><strong>PlanESS<\/strong> \u00e9s un projecte creat per<strong> <a href=\"https:\/\/amoved.es\" data-type=\"link\" data-id=\"https:\/\/amoved.es\">amoved<\/a>,<\/strong> marca comercial de l&#8217;entitat Asoc. ETDT, c\/ Paseo de Osuna 67, 28042, Madrid. La web a la qu\u00e8 fa refer\u00e8ncia aquesta pol\u00edtica de privacitat \u00e9s: <a href=\"https:\/\/planess.org\/ca\">https:\/\/planess.org<\/a>.<\/p>\n\n\n\n<h2 class=\"wp-block-heading\">Contingut incrustat en altres p\u00e0gines web<\/h2>\n\n\n\n<p>Els articles d&#8217;aquesta p\u00e0gina web poden incloure contingut incrustat (per exemple, v\u00eddeos, imatges, articles, etc.). El contingut incrustat d&#8217;altres webs es comporta exactament de la mateixa manera que si la visitant hagu\u00e9 visitat l&#8217;altra web.<\/p>\n\n\n\n<p>Aquestes webs poden recopilar dades sobre tu, utilitzar cookies, incrustar un seguiment addicional de tercers, i supervisar la teva interacci\u00f3 amb eixe contingut incrustat, incl\u00f2s el seguiment de la teva interacci\u00f3 amb el contingut incrustat si tens un compte i est\u00e0s conectadi a eixa web.<\/p>\n\n\n\n<h2 class=\"wp-block-heading\">Amb qui compartim les teves dades<\/h2>\n\n\n\n<p>Les dades que recopilem en aquesta web s\u00f3n per \u00fas exclusiu d&#8217;amoved. Utilitzem el nom i l&#8217;adre\u00e7a de correu electr\u00f2nic del formulari per poder contactar a les persones interessades en el projecte i enviar actualitzacions sobre l&#8217;avan\u00e7 del projecte o altres iniciatives semblants impulsades per amoved.<\/p>\n\n\n\n<h2 class=\"wp-block-heading\">Quant de temps conservarem les teves dades<\/h2>\n\n\n\n<p>Aquestes dades es conservaran indefinidament. En el cas que volguessis que elimin\u00e9ssim les teves dades, contacta amb el nostre equip a trav\u00e9s de <strong>planess@amoved.es<\/strong><\/p>\n\n\n\n<h2 class=\"wp-block-heading\">Que drets tens sobre les teves dades<\/h2>\n\n\n\n<p>Pots sol\u00b7licitar que eliminem qualsevol dada personal que tinguem sobre tu. A\u00e7\u00f2 no inclou cap dada que estiguem obligades a conservar amb fins administratius, legals o de seguretat.<\/p>\n\n\n\n<h2 class=\"wp-block-heading\">On s&#8217;envien les teves dades<\/h2>\n\n\n\n<p>Les dades s\u00f3n guradades en serviors d&#8217;amoved dins de la Uni\u00f3 Europea.<\/p>\n","protected":false},"excerpt":{"rendered":"<p>No permetem l&#8217;\u00fas de Matomo per a mesurar el tr\u00e0fic Utilitzem Matomo per fer una an\u00e0lisi del tr\u00e0fic de la manera m\u00e9s \u00e8tica possible, aix\u00ed i tot \u00e9s possible desactivar-ho en la seg\u00fcent casella. Qui som PlanESS \u00e9s un projecte creat per amoved, marca comercial de l&#8217;entitat Asoc. ETDT, c\/ Paseo de Osuna 67, 28042, [&hellip;]<\/p>\n","protected":false},"author":1,"featured_media":0,"parent":0,"menu_order":0,"comment_status":"closed","ping_status":"open","template":"","meta":{"footnotes":""},"class_list":["post-3","page","type-page","status-publish","hentry"],"_links":{"self":[{"href":"https:\/\/planess.org\/ca\/wp-json\/wp\/v2\/pages\/3","targetHints":{"allow":["GET"]}}],"collection":[{"href":"https:\/\/planess.org\/ca\/wp-json\/wp\/v2\/pages"}],"about":[{"href":"https:\/\/planess.org\/ca\/wp-json\/wp\/v2\/types\/page"}],"author":[{"embeddable":true,"href":"https:\/\/planess.org\/ca\/wp-json\/wp\/v2\/users\/1"}],"replies":[{"embeddable":true,"href":"https:\/\/planess.org\/ca\/wp-json\/wp\/v2\/comments?post=3"}],"version-history":[{"count":8,"href":"https:\/\/planess.org\/ca\/wp-json\/wp\/v2\/pages\/3\/revisions"}],"predecessor-version":[{"id":361,"href":"https:\/\/planess.org\/ca\/wp-json\/wp\/v2\/pages\/3\/revisions\/361"}],"wp:attachment":[{"href":"https:\/\/planess.org\/ca\/wp-json\/wp\/v2\/media?parent=3"}],"curies":[{"name":"wp","href":"https:\/\/api.w.org\/{rel}","templated":true}]}}

Política de privacidad

<h2 class="wp-block-heading">No permetem l&#8217;ús de Matomo per a mesurar el tràfic</h2>



<p>Utilitzem <a href="https://matomo.org" data-type="link" data-id="https://matomo.org">Matomo</a> per fer una anàlisi del tràfic de la manera més ètica possible, així i tot és possible desactivar-ho en la següent casella.</p>



<p id="matomo_opted_out_intro" style="display:none;">Opt-out complete; your visits to this website will not be recorded by the Web Analytics tool. Note that if you clear your cookies, delete the opt-out cookie, or if you change computers or Web browsers, you will need to perform the opt-out procedure again.</p><p id="matomo_opted_in_intro" >You may choose to prevent this website from aggregating and analyzing the actions you take here. Doing so will protect your privacy, but will also prevent the owner from learning from your actions and creating a better experience for you and other users.</p><form>
        <input type="checkbox" id="matomo_optout_checkbox" checked="checked"/>
        <label for="matomo_optout_checkbox"><strong>
        <span id="matomo_opted_in_label" >You are not opted out. Uncheck this box to opt-out.</span>
		<span id="matomo_opted_out_label" style="display:none;">You are currently opted out. Check this box to opt-in.</span>
        </strong></label></form><noscript><p><strong style="color: #ff0000;">This opt out feature requires JavaScript.</strong></p></noscript><p id="matomo_outout_err_cookies" style="display: none;"><strong>The tracking opt-out feature requires cookies to be enabled.</strong></p>



<hr class="wp-block-separator has-text-color has-contrast-3-color has-alpha-channel-opacity has-contrast-3-background-color has-background is-style-wide"/>



<h2 class="wp-block-heading">Qui som</h2>



<p><strong>PlanESS</strong> és un projecte creat per<strong> <a href="https://amoved.es" data-type="link" data-id="https://amoved.es">amoved</a>,</strong> marca comercial de l&#8217;entitat Asoc. ETDT, c/ Paseo de Osuna 67, 28042, Madrid. La web a la què fa referència aquesta política de privacitat és: <a href="https://planess.org/ca">https://planess.org</a>.</p>



<h2 class="wp-block-heading">Contingut incrustat en altres pàgines web</h2>



<p>Els articles d&#8217;aquesta pàgina web poden incloure contingut incrustat (per exemple, vídeos, imatges, articles, etc.). El contingut incrustat d&#8217;altres webs es comporta exactament de la mateixa manera que si la visitant hagué visitat l&#8217;altra web.</p>



<p>Aquestes webs poden recopilar dades sobre tu, utilitzar cookies, incrustar un seguiment addicional de tercers, i supervisar la teva interacció amb eixe contingut incrustat, inclòs el seguiment de la teva interacció amb el contingut incrustat si tens un compte i estàs conectadi a eixa web.</p>



<h2 class="wp-block-heading">Amb qui compartim les teves dades</h2>



<p>Les dades que recopilem en aquesta web són per ús exclusiu d&#8217;amoved. Utilitzem el nom i l&#8217;adreça de correu electrònic del formulari per poder contactar a les persones interessades en el projecte i enviar actualitzacions sobre l&#8217;avanç del projecte o altres iniciatives semblants impulsades per amoved.</p>



<h2 class="wp-block-heading">Quant de temps conservarem les teves dades</h2>



<p>Aquestes dades es conservaran indefinidament. En el cas que volguessis que eliminéssim les teves dades, contacta amb el nostre equip a través de <strong>planess@amoved.es</strong></p>



<h2 class="wp-block-heading">Que drets tens sobre les teves dades</h2>



<p>Pots sol·licitar que eliminem qualsevol dada personal que tinguem sobre tu. Açò no inclou cap dada que estiguem obligades a conservar amb fins administratius, legals o de seguretat.</p>



<h2 class="wp-block-heading">On s&#8217;envien les teves dades</h2>



<p>Les dades són guradades en serviors d&#8217;amoved dins de la Unió Europea.</p>

<p>No permetem l&#8217;ús de Matomo per a mesurar el tràfic Utilitzem Matomo per fer una anàlisi del tràfic de la manera més ètica possible, així i tot és possible desactivar-ho en la següent casella. Qui som PlanESS és un projecte creat per amoved, marca comercial de l&#8217;entitat Asoc. ETDT, c/ Paseo de Osuna 67, 28042, [&hellip;]</p>
